55?
1495
What is the highest common factor of 146107021 and 467?
467
Calculate the highest common factor of 27 and 976917186.
27
Calculate the greatest common divisor of 960 and 360894.
6
Calculate the greatest common factor of 413660390 and 440.
110
Calculate the greatest common divisor of 596431878 and 3906.
1302
What is the greatest common divisor of 25 and 10593935?
5
What is the greatest common factor of 15266482 and 21?
7
What is the highest common factor of 11802 and 524036338?
3934
What is the greatest common divisor of 9120 and 33211680?
480
Calculate the greatest common divisor of 2000940 and 640.
20
Calculate the highest common divisor of 1272 and 17348352.
24
What is the highest common divisor of 1987585 and 70?
5
What is the greatest common factor of 3824 and 606821?
239
Calculate the highest common factor of 26818475 and 145.
145
Calculate the greatest common divisor of 11382792 and 2346.
2346
Calculate the highest common divisor of 42329170 and 166.
166
Calculate the greatest common divisor of 865944 and 4104.
4104
Calculate the greatest common factor of 7078872 and 36.
12
Calculate the highest common divisor of 1435 and 119105.
1435
What is the highest common factor of 3916308928 and 131?
131
What is the highest common factor of 12 and 2516?
4
What is the highest common factor of 5744431 and 976?
61
What is the greatest common factor of 180761 and 9849?
49
What is the greatest common factor of 27 and 16555887?
27
What is the greatest common divisor of 16 and 172125572?
4
What is the highest common factor of 18933579 and 4917?
447
Calculate the highest common factor of 122992 and 5456.
16
What is the greatest common factor of 1215160 and 42840?
680
Calculate the greatest common divisor of 4520 and 47624.
8
What is the highest common divisor of 1469 and 35006383?
113
Calculate the highest common factor of 348 and 119145804.
348
What is the highest common factor of 313585332 and 136?
68
What is the highest common factor of 793983 and 3552?
111
What is the greatest common divisor of 865728 and 14904?
648
Calculate the highest common factor of 38471086 and 247.
19
What is the highest common factor of 495 and 13792635?
45
Calculate the greatest common divisor of 257 and 340723661.
257
Calculate the greatest common divisor of 7800850 and 301516.
3506
What is the highest common factor of 71507 and 481275?
23
Calculate the highest common factor of 8808535 and 2195.
2195
Calculate the greatest common divisor of 7952 and 20363280.
112
What is the greatest common divisor of 5214 and 116395914?
474
Calculate the highest common factor of 6407018 and 116932.
1426
Calculate the greatest common divisor of 52238440 and 12.
4
Calculate the highest common divisor of 2 and 2811994.
2
Calculate the highest common factor of 6294 and 20394658.
2098
What is the highest common factor of 8 and 15240268?
4
Calculate the greatest common factor of 9136 and 36144.
16
Calculate the greatest common factor of 159796 and 20696.
52
Calculate the highest common divisor of 15322122 and 5346.
486
What is the greatest common divisor of 7651 and 40715343?
1093
Calculate the greatest common factor of 25552 and 234335795.
1597
Calculate the greatest common factor of 11010290 and 7160.
1790
Calculate the greatest common factor of 694851948 and 459.
153
What is the greatest common factor of 12348 and 652788?
36
Calculate the highest common factor of 3184020 and 68544.
252
What is the highest common factor of 18486702 and 832?
26
What is the greatest common divisor of 68316642 and 918?
918
What is the greatest common factor of 127 and 10077323?
127
What is the greatest common factor of 742982496 and 48?
48
Calculate the greatest common divisor of 12 and 82679481.
3
Calculate the greatest common factor of 128 and 1933576.
8
What is the greatest common divisor of 168111 and 79749?
9
What is the greatest common divisor of 6435 and 64760085?
585
What is the greatest common factor of 24 and 22207818?
6
Calculate the highest common divisor of 101525075 and 950.
475
Calculate the highest common factor of 92 and 5922086.
46
What is the greatest common divisor of 26634696 and 14722?
866
What is the highest common divisor of 1639 and 892743632?
1639
What is the greatest common factor of 110723536 and 259?
259
What is the greatest common factor of 79 and 112761124?
79
Calculate the highest common factor of 12 and 1086926532.
12
Calculate the highest common divisor of 715590 and 163080.
90
Calculate the greatest common divisor of 21857 and 4609840.
1987
Calculate the greatest common factor of 1703286 and 8352.
522
What is the greatest common divisor of 97545 and 402303450?
13935
What is the greatest common factor of 15968 and 30240?
32
Calculate the greatest common divisor of 1171996 and 50669.
2203
What is the highest common factor of 15635 and 2658245?
295
What is the greatest common divisor of 63215 and 2228665?
1345
Calculate the greatest common factor of 663 and 36429.
3
Calculate the greatest common divisor of 39986 and 1288.
2
What is the highest common divisor of 3560 and 32037330?
890
What is the highest common divisor of 24526380 and 60?
60
What is the greatest common divisor of 1388 and 6676?
4
Calculate the greatest common divisor of 108565680 and 10.
10
Calculate the greatest common divisor of 2085 and 3879490.
695
What is the highest common factor of 38 and 27730462?
38
What is the greatest common divisor of 185 and 663170?
5
What is the highest common divisor of 796 and 4032934?
398
What is the highest common divisor of 1383831 and 66447?
2889
What is the greatest common factor of 32 and 121394400?
32
Calculate the greatest common factor of 1644650 and 978650.
1850
What is the highest common divisor of 307477 and 342?
19
Calculate the greatest common factor of 35488440 and 3640.
520
Calculate the highest common factor of 61124404 and 132.
44
What is the highest common divisor of 25519 and 46642843?
1963
Calculate the highest common factor of 5580997 and 24259.
1427
What is the highest common divisor of 6107248 and 67536?
112
What is the greatest common divisor of 270 and 286254630?
90
What is the highest common factor of 390 and 59221110?
390
Calculate the highest common factor of 21400 and 415640.
40
What is the highest common factor of 15 and 606471?
3
Calculate the greatest common divisor of 4776 and 143880.
24
Calculate the highest common divisor of 58532796 and 2268.
252
What is the greatest common factor of 2233 and 1855812?
7
Calculate the highest common factor of 66 and 40699362.
66
Calculate the greatest common divisor of 104 and 485394.
26
What is the greatest common divisor of 82365216 and 7968?
7968
What is the highest common divisor of 1246 and 651322?
14
Calculate the greatest common divisor of 40 and 1231429820.
20
Calculate the highest common factor of 19786198 and 170.
34
What is the highest common divisor of 2535 and 1829490?
195
Calculate the greatest common factor of 970 and 95674.
2
Calculate the highest common factor of 2818 and 108643763.
1409
What is the greatest common divisor of 300745809 and 3549?
3549
What is the greatest common factor of 12109840 and 62320?
1520
Calculate the highest common divisor of 799180 and 12380.
20
Calculate the greatest common divisor of 2696 and 940651924.
1348
Calculate the greatest common factor of 1028367 and 4206.
2103
Calculate the highest common divisor of 24006530 and 3880.
970
What is the highest common factor of 6693635 and 11687?
377
Calculate the highest common divisor of 5622984 and 22968.
2088
What is the highest common factor of 192 and 4336851264?
192
What is the greatest common factor of 5078 and 44430?
2
What is the greatest common factor of 38 and 47303521?
19
What is the greatest common factor of 46430 and 107643312?
9286
What is the greatest common factor of 5838 and 435080842?
1946
What is the greatest common factor of 35011 and 11775?
157
Calculate the highest common factor of 62517 and 1359573.
687
Calculate the greatest common divisor of 2376 and 149886.
198
Calculate the greatest common factor of 33159 and 79107.
21
What is the greatest common factor of 52096 and 20906776?
3256
Calculate the greatest common divisor of 10948 and 1774404.
92
Calculate the highest common divisor of 4831220